se 13) to base 15
231c
-8009 (base 12) to base 8
-33011
-34cc (base 15) to base 9
-16343
What is 3254 (base 7) in base 13?
6b9
-7287 (base 11) to base 10
-9654
1333232 (base 4) to base 16
1fee
222101 (base 3) to base 4
23020
Convert -b14 (base 16) to base 14.
-1068
-1ba (base 14) to base 10
-360
Convert 1101201 (base 5) to base 10.
18926
What is 1000111101111011 (base 2) in base 6?
442015
Convert -6615 (base 7) to base 3.
-10020120
What is 10000111100110 (base 2) in base 14?
323c
What is -123 (base 11) in base 9?
-172
101 (base 12) to base 10
145
24001 (base 5) to base 8
3327
869 (base 13) to base 6
10355
What is -5ab (base 14) in base 11?
-939
What is 3492 (base 12) in base 7?
23054
Convert 5421 (base 8) to base 10.
2833
74 (base 14) to base 13
7b
Convert 16158 (base 9) to base 3.
120011222
Convert -21031 (base 4) to base 16.
-24d
836 (base 9) to base 8
1251
-4991 (base 10) to base 4
-1031333
-12345 (base 6) to base 4
-131021
Convert -13790 (base 10) to base 11.
-a3a7
What is b6e (base 15) in base 11?
1a35
What is -101010010100 (base 2) in base 8?
-5224
279 (base 11) to base 9
404
Convert 1b90 (base 16) to base 10.
7056
What is 412 (base 9) in base 5?
2320
Convert 13031 (base 5) to base 2.
1111111000
Convert 1156 (base 7) to base 15.
1dd
What is 31544 (base 6) in base 2?
1000011011000
What is 588 (base 9) in base 11?
401
What is -1110000110101 (base 2) in base 14?
-28bb
What is -67 (base 14) in base 5?
-331
21222 (base 4) to base 11
512
-1011001110 (base 2) to base 3
-222121
Convert 4040 (base 15) to base 6.
142440
Convert -23120 (base 5) to base 9.
-2244
What is 8981 (base 13) in base 10?
19202
What is 1042010 (base 5) in base 9?
27182
-1b09 (base 12) to base 8
-6371
What is -723 (base 11) in base 12?
-608
-2b29 (base 14) to base 9
-11474
Convert -1120002 (base 3) to base 6.
-5132
What is -2513 (base 6) in base 14?
-325
Convert 218 (base 10) to base 12.
162
1173 (base 13) to base 16
99c
What is 81b (base 12) in base 15?
535
What is 2226 (base 7) in base 12?
570
-441 (base 10) to base 9
-540
Convert 110032212 (base 4) to base 8.
241646
What is 100 (base 10) in base 13?
79
Convert 8463 (base 10) to base 15.
2793
What is 21012 (base 3) in base 10?
194
What is -4a5 (base 14) in base 4?
-32201
Convert -44400 (base 6) to base 3.
-22111100
What is -1261 (base 8) in base 13?
-410
Convert -34561 (base 7) to base 6.
-105011
20202122 (base 3) to base 12
2a2b
What is -102402 (base 5) in base 7?
-13065
What is -157 (base 8) in base 15?
-76
-86 (base 10) to base 12
-72
Convert e1 (base 15) to base 3.
21211
-386b (base 14) to base 12
-5887
Convert -35bc (base 15) to base 16.
-2ca3
What is 1100112 (base 3) in base 5?
12421
207 (base 11) to base 3
100020
What is 43 (base 13) in base 8?
67
What is -105 (base 8) in base 9?
-76
Convert 143103 (base 6) to base 3.
200201110
893 (base 10) to base 9
1202
3150 (base 7) to base 6
5053
What is -bab (base 16) in base 13?
-148a
What is 1625 (base 11) in base 14?
a8c
What is 544 (base 9) in base 2?
110111101
What is af48 (base 16) in base 5?
2413442
Convert -2240 (base 5) to base 2.
-101000000
8b8 (base 13) to base 9
2050
Convert -11112122 (base 3) to base 16.
-cef
What is 11100010000110 (base 2) in base 14?
53b8
185 (base 13) to base 3
101022
Convert 2221010 (base 4) to base 13.
4c04
What is -11010010 (base 3) in base 14?
-1144
What is 1723 (base 8) in base 7?
2566
What is -155 (base 13) in base 9?
-285
Convert bbc (base 15) to base 14.
d76
What is -30320 (base 5) in base 2?
-11110101000
1275 (base 9) to base 5
12314
-6263 (base 12) to base 6
-121403
What is 110001100011111 (base 2) in base 10?
25375
What is -1 (base 11) in base 12?
-1
What is 20112 (base 6) in base 14?
d64
What is 1101110101100 (base 2) in base 13?
32bc
-220133 (base 5) to base 9
-11311
10111010011000 (base 2) to base 5
340203
4433 (base 11) to base 2
1011011010100
1244 (base 11) to base 13
979
10101000100 (base 2) to base 12
944
What is -201221012 (base 3) in base 16?
-38c3
What is -127 (base 16) in base 4?
-10213
Convert 530 (base 7) to base 2.
100001010
474 (base 8) to base 15
161
a7 (base 16) to base 11
142
What is -30222 (base 5) in base 6?
-12545
-93 (base 11) to base 2
-1100110
What is -400 (base 12) in base 13?
-354
-7350 (base 9) to base 6
-40543
-1504a (base 15) to base 9
-112617
Convert -4a03 (base 16) to base 10.
-18947
10100010111 (base 2) to base 3
1210021
-4230 (base 5) to base 8
-1065
Convert 2040110 (base 5) to base 7.
200325
What is 8570 (base 10) in base 16?
217a
-240 (base 16) to base 7
-1452
21210011 (base 3) to base 16
162a
What is 2023 (base 5) in base 7?
524
What is -3fc (base 16) in base 6?
-4420
-28d6 (base 15) to base 3
-110000010
What is 1000110011000100 (base 2) in base 15?
aa26
84 (base 12) to base 14
72
Convert 20440 (base 5) to base 11.
1036
-130342 (base 5) to base 10
-5097
What is 46013 (base 11) in base 8?
202004
-3c0 (base 13) to base 9
-816
Convert 635 (base 8) to base 16.
19d
What is 430333 (base 5) in base 6?
150552
What is 4707 (base 11) in base 8?
14042
41276 (base 8) to base 2
100001010111110
What is -12525 (base 6) in base 5?
-30200
-8de (base 15) to base 7
-5600
Convert 288a (base 16) to base 2.
10100010001010
Convert 10111 (base 6) to base 14.
6b9
What is 3222031 (base 4) in base 15?
4694
What is 110212120 (base 3) in base 9?
13776
1137 (base 11) to base 6
10524
What is 2334 (base 11) in base 4?
233312
-38409 (base 11) to base 8
-153430
What is 411 (base 11) in base 5?
3441
1132 (base 6) to base 5
2042
What is -4691 (base 16) in base 15?
-5545
Convert 313130 (base 4) to base 14.
1416
2556 (base 9) to base 16
77a
Convert -1022 (base 12) to base 9.
-2358
-1110000011011 (base 2) to base 6
-53151
What is -414222 (base 5) in base 4?
-3111313
75 (base 10) to base 8
113
Convert 126 (base 10) to base 15.
86
Convert 41120 (base 6) to base 10.
5448
-32030 (base 4) to base 14
-48c
Convert 24a8 (base 14) to base 4.
1210110
Convert 1dc04 (base 14) to base 5.
4421234
Convert b91 (base 12) to base 3.
2022201
What is 212000221 (base 3) in base 2?
100000110011000
What is 33130 (base 4) in base 6?
4324
-616 (base 10) to base 6
-2504
What is -2131224 (base 5) in base 9?
-54877
What is 21210 (base 4) in base 7?
1533
21374 (base 11) to base 13
111a0
What is -1b1 (base 14) in base 10?
-351
46665 (base 8) to base 3
1000021210
-885 (base 16) to base 9
-2883
3120 (base 7) to base 8
2104
Convert 322a (base 16) to base 3.
122121122
-37b (base 15) to base 8
-1427
Convert -3315 (base 14) to base 9.
-13111
1355 (base 8) to base 13
458
Convert -1bad (base 16) to base 14.
-2821
21433 (base 8) to base 12
524b
-1015 (base 12) to base 6
-12025
73a (base 11) to base 14
478
2b8 (base 15) to base 12
43b
12233030 (base 4) to base 6
331432
What is c383 (base 14) in base 2?
1000001101011111
What is -12 (base 3) in base 14?
-5
Convert -36467 (base 8) to base 11.
-10857
Convert 460 (base 11) to base 14.
2b4
Convert -43a (base 15) to base 16.
-3bb
What is -12887 (base 10) in base 11?
-9756
What is -21672 (base 10) in base 9?
-32650
Convert 412 (base 12) to base 16.
24e
401010 (base 6) to base 13
11349
ba62 (base 12) to base 2
101000000101010
Convert 37d7 (base 15) to base 14.
44a2
What is 7b5e (base 15) in base 7?
136232
Convert -661 (base 10) to base 13.
-3bb
Convert 30404 (base 5) to base 8.
3673
What is -340 (base 16) in base 11?
-697
Convert -34235 (base 6) to base 5.
-123342
Convert 1450 (base 7) to base 15.
284
What is 4133 (base 16) in base 13?
779c
10110010 (base 3) to base 15
b29
Convert -1588 (base 11) to base 7.
-5632
57 (base 15) to base 11
75
Convert -3247 (base 8) to base 5.
-23303
What is -65 (base 7) in base 4?
-233
What is -4514 (base 7) in base 15?
-738
What is 3a34 (base 11) in base 2?
1010001111000
What is 1dc (base 14) in base 12?
286
Convert 2120013 (base 4) to base 12.
5773
What is -671 (base 13) in base 12?
-782
What is -1231 (base 4) in base 10?
-109
-2002020 (base 3) to base 12
-a66
What is 404 (base 14) in base 5?
11123
Convert 9e9 (base 16) to base 13.
1202
-394 (base 12) to base 7
-1405
What is 9783 (base 12) in base 16?
4113
Convert -1270 (base 8) to base 5.
-10241
Convert ad38 (base 15) to base 16.
8f78
-100 (base 15) to base 12
-169
Convert -4c74 (base 16) to base 7.
-111030
What is -740 (base 13) in base 12?
-86b
